{"id":345,"date":"2023-10-19T09:10:59","date_gmt":"2023-10-19T09:10:59","guid":{"rendered":"https:\/\/presencial3.forlopd.es\/?page_id=345"},"modified":"2023-10-19T10:02:41","modified_gmt":"2023-10-19T10:02:41","slug":"declaracion-de-privacidad","status":"publish","type":"page","link":"https:\/\/presencial3.forlopd.es\/index.php\/declaracion-de-privacidad\/","title":{"rendered":"Declaraci\u00f3n de privacidad"},"content":{"rendered":"\t\t<div data-elementor-type=\"wp-post\" data-elementor-id=\"345\" class=\"elementor elementor-345\">\n\t\t\t\t\t\t\t<div class=\"elementor-element elementor-element-e3f1b05 e-flex e-con-boxed e-con e-parent\" data-id=\"e3f1b05\" data-element_type=\"container\" data-settings=\"{&quot;content_width&quot;:&quot;boxed&quot;}\" data-core-v316-plus=\"true\">\n\t\t\t\t\t<div class=\"e-con-inner\">\n\t\t\t\t<div class=\"elementor-element elementor-element-5bd7f2f elementor-widget elementor-widget-heading\" data-id=\"5bd7f2f\" data-element_type=\"widget\" data-widget_type=\"heading.default\">\n\t\t\t\t<div class=\"elementor-widget-container\">\n\t\t\t<style>\/*! elementor - v3.16.0 - 17-10-2023 *\/\n.elementor-heading-title{padding:0;margin:0;line-height:1}.elementor-widget-heading .elementor-heading-title[class*=elementor-size-]>a{color:inherit;font-size:inherit;line-height:inherit}.elementor-widget-heading .elementor-heading-title.elementor-size-small{font-size:15px}.elementor-widget-heading .elementor-heading-title.elementor-size-medium{font-size:19px}.elementor-widget-heading .elementor-heading-title.elementor-size-large{font-size:29px}.elementor-widget-heading .elementor-heading-title.elementor-size-xl{font-size:39px}.elementor-widget-heading .elementor-heading-title.elementor-size-xxl{font-size:59px}<\/style><h1 class=\"elementor-heading-title elementor-size-default\">DECLARACI\u00d3N DE PRIVACIDAD:<\/h1>\t\t<\/div>\n\t\t\t\t<\/div>\n\t\t\t\t<div class=\"elementor-element elementor-element-8f59ce4 elementor-widget elementor-widget-heading\" data-id=\"8f59ce4\" data-element_type=\"widget\" data-widget_type=\"heading.default\">\n\t\t\t\t<div class=\"elementor-widget-container\">\n\t\t\t<h2 class=\"elementor-heading-title elementor-size-default\">POL\u00cdTICA DE PRIVACIDAD Y PROTECCI\u00d3N DE DATOS:<\/h2>\t\t<\/div>\n\t\t\t\t<\/div>\n\t\t\t\t\t<\/div>\n\t\t\t\t<\/div>\n\t\t<div class=\"elementor-element elementor-element-160acc9 e-flex e-con-boxed e-con e-parent\" data-id=\"160acc9\" data-element_type=\"container\" data-settings=\"{&quot;content_width&quot;:&quot;boxed&quot;}\" data-core-v316-plus=\"true\">\n\t\t\t\t\t<div class=\"e-con-inner\">\n\t\t\t\t<div class=\"elementor-element elementor-element-b048290 elementor-widget elementor-widget-text-editor\" data-id=\"b048290\" data-element_type=\"widget\" data-widget_type=\"text-editor.default\">\n\t\t\t\t<div class=\"elementor-widget-container\">\n\t\t\t<style>\/*! elementor - v3.16.0 - 17-10-2023 *\/\n.elementor-widget-text-editor.elementor-drop-cap-view-stacked .elementor-drop-cap{background-color:#69727d;color:#fff}.elementor-widget-text-editor.elementor-drop-cap-view-framed .elementor-drop-cap{color:#69727d;border:3px solid;background-color:transparent}.elementor-widget-text-editor:not(.elementor-drop-cap-view-default) .elementor-drop-cap{margin-top:8px}.elementor-widget-text-editor:not(.elementor-drop-cap-view-default) .elementor-drop-cap-letter{width:1em;height:1em}.elementor-widget-text-editor .elementor-drop-cap{float:left;text-align:center;line-height:1;font-size:50px}.elementor-widget-text-editor .elementor-drop-cap-letter{display:inline-block}<\/style>\t\t\t\t<p align=\"justify\">FORLOPD est\u00e1 comprometida con la protecci\u00f3n y seguridad de los datos de car\u00e1cter personal. En nuestro d\u00eda a d\u00eda nos esforzamos para proteger la privacidad y seguridad de los datos que los interesados nos facilitan y cumplir con la normativa vigente en \u00a0\u00e1mbito de la protecci\u00f3n de los datos de car\u00e1cter personal. El objetivo de esta pol\u00edtica es informar a los interesados acerca de los distintos tratamientos de datos personales realizados por nuestra parte, a trav\u00e9s de esta p\u00e1gina web.<\/p>\n<p align=\"justify\">El objetivo de esta pol\u00edtica es informar a los interesados acerca de los distintos tratamientos de datos personales realizados por nuestra parte, a trav\u00e9s de esta p\u00e1gina web. Todo ello, de conformidad con lo establecido en la Ley Org\u00e1nica 3\/2018, de 5 de diciembre, de Protecci\u00f3n de Datos Personales y garant\u00eda de los derechos digitales y el Reglamento (UE) 2016\/679 del Parlamento Europeo y del Consejo de 27 de abril de 2016.<\/p>\n\n\n<hr \/>\n\t\t\t\t\t\t<\/div>\n\t\t\t\t<\/div>\n\t\t\t\t\t<\/div>\n\t\t\t\t<\/div>\n\t\t<div class=\"elementor-element elementor-element-29f1fe8 e-flex e-con-boxed e-con e-parent\" data-id=\"29f1fe8\" data-element_type=\"container\" data-settings=\"{&quot;content_width&quot;:&quot;boxed&quot;}\" data-core-v316-plus=\"true\">\n\t\t\t\t\t<div class=\"e-con-inner\">\n\t\t\t\t<div class=\"elementor-element elementor-element-576fc7b elementor-widget elementor-widget-text-editor\" data-id=\"576fc7b\" data-element_type=\"widget\" data-widget_type=\"text-editor.default\">\n\t\t\t\t<div class=\"elementor-widget-container\">\n\t\t\t\t\t\t\t<ol><li><span style=\"color: #d3a50e;\"><b><strong>IDENTIFICACI\u00d3N Y DATOS DE CONTACTO DEL RESPONSABLE.<\/strong><\/b><\/span><\/li><\/ol><p align=\"justify\"><span style=\"color: #d3a50e;\"><b><strong>SEGURIDAD Y PRIVACIDAD DE DATOS, S.L<\/strong><\/b>.<\/span> (FORLOPD), con domicilio social en la avenida Calle Menorca 19, EDIFICIO AQUA MULTIESPACIO, planta 17, 46023-VALENCIA,\u00a0 con\u00a0 N.I.F. B-98689920.<\/p><p align=\"justify\">Tel\u00e9fono de contacto: 963122868.<\/p><p align=\"justify\">Correo electr\u00f3nico\u00a0<a href=\"mailto:info@forlopd.es\">infodpo@forlopd.es<\/a><\/p><ol start=\"2\"><li><span style=\"color: #d3a50e;\"><b><strong>FINALIDADES DEL TRATAMIENTO DE SUS DATOS PERSONALES.<\/strong><\/b><\/span><\/li><\/ol><p align=\"justify\">Seg\u00fan el caso, trataremos sus datos de car\u00e1cter personal facilitados a trav\u00e9s de nuestros formularios web de acuerdo a los siguientes criterios.<\/p><p align=\"justify\"><span style=\"color: #d3a50e;\"><b><strong>NAVEGANTES DE LA P\u00c1GINA WEB.<\/strong><\/b><\/span><\/p><ul><li>Atender las consultas, quejas o incidencias trasladadas a trav\u00e9s de nuestros canales de contacto y enviar la informaci\u00f3n solicitada.<\/li><li>Atender las consultas realizadas a trav\u00e9s del Chat de nuestra p\u00e1gina web.<\/li><li>Realizar encuestas de calidad.<\/li><li>Entender el comportamiento del navegante dentro de la web con el fin de detectar posibles ataques inform\u00e1ticos.<\/li><li>Cumplir con las obligaciones legales que nos resulten directamente aplicables y regulen nuestra actividad.<\/li><li>Para proteger y ejercer nuestros derechos o responder ante reclamaciones de cualquier \u00edndole<\/li><\/ul><p align=\"justify\"><span style=\"color: #d3a50e;\"><b><strong>PARTNER\/COLABORADOR.<\/strong><\/b><\/span><\/p><ul><li>Gestionar las solicitudes de colaboraci\u00f3n recibidas a trav\u00e9s del formulario web \u201c<i><em>Colaboradores<\/em><\/i>\u201d.<\/li><li>Atender las consultas, quejas o incidencias trasladadas a trav\u00e9s de nuestros canales de contacto y enviar la informaci\u00f3n solicitada.<\/li><li>Atender las consultas realizadas a trav\u00e9s del Chat de nuestra p\u00e1gina web.<\/li><li>Entender el comportamiento del navegante dentro de la web con el fin de detectar posibles ataques inform\u00e1ticos.<\/li><li>Cumplir con las obligaciones legales que nos resulten directamente aplicables y regulen nuestra actividad.<\/li><li>Para proteger y ejercer nuestros derechos o responder ante reclamaciones de cualquier \u00edndole.<\/li><\/ul><p align=\"justify\"><span style=\"color: #d3a50e;\"><b><strong>CANDIDATOS A OFERTAS DE TRABAJO.<\/strong><\/b><\/span><\/p><ul><li>Para gestionar los procesos de selecci\u00f3n de personal realizados dentro de FORLOPD a los cuales se ha postulado enviando su\u00a0<i><em>Curr\u00edculum Vitae<\/em><\/i>y\/o Carta de Presentaci\u00f3n a trav\u00e9s del formulario \u201c<i><em>Trabaja con Nosotros\u201d<\/em><\/i>\u00a0o al correo electr\u00f3nico facilitado.<\/li><li>Entender el comportamiento del navegante dentro de la web con el fin de detectar posibles ataques inform\u00e1ticos.<\/li><li>Para proteger y ejercer nuestros derechos o responder ante reclamaciones de cualquier \u00edndole.<\/li><\/ul><p><span style=\"color: #d3a50e;\"><b><strong>LEGITIMACI\u00d3N DEL TRATAMIENTO.<\/strong><\/b><\/span><\/p><p align=\"justify\">Seg\u00fan el caso, las bases en las que se aparan los tratamientos de datos realizados por FORLOPD son las siguientes:<\/p><p align=\"justify\"><span style=\"color: #d3a50e;\"><b><strong>NAVEGANTES<\/strong><\/b><\/span><br \/><u>El consentimiento del interesado para:<\/u><\/p><ul><li>Atender las consultas, quejas o incidencias trasladadas a trav\u00e9s de nuestros canales de contacto y enviar la informaci\u00f3n solicitada.<\/li><li>Atender las consultas realizadas a trav\u00e9s del Chat de nuestra p\u00e1gina web.<\/li><li>Realizar encuestas de calidad.<\/li><\/ul><p align=\"justify\"><u>Inter\u00e9s leg\u00edtimo del FORLOPD para:<\/u><\/p><ul><li>Realizar encuestas de calidad.<\/li><li>Entender el comportamiento del navegante dentro de la web con el fin de detectar posibles ataques inform\u00e1ticos.<\/li><li>Para proteger y ejercer nuestros derechos o responder ante reclamaciones de cualquier \u00edndole<\/li><\/ul><p align=\"justify\"><span style=\"color: #d3a50e;\"><b><strong>PARTNER\/COLABORADOR.<\/strong><\/b><\/span><\/p><p align=\"justify\"><u>Aplicaci\u00f3n de medidas precontractuales:<\/u><\/p><ul><li>En el caso de que solicite colaborar con nosotros, FORLOPD utilizar\u00e1 los datos facilitados para aplicar las medias precontractuales oportunas con la finalidad de establecer la relaci\u00f3n jur\u00eddica deseada.<\/li><\/ul><p align=\"justify\"><u>El consentimiento del interesado para:<\/u><\/p><ul><li>Atender las consultas, quejas o incidencias trasladadas a trav\u00e9s de nuestros canales de contacto y enviar la informaci\u00f3n solicitada.<\/li><li>Atender las consultas realizadas a trav\u00e9s del Chat de nuestra p\u00e1gina web.<\/li><li>En su caso, env\u00edo de newsletter sobre novedades, art\u00edculos o eventos relacionados con el \u00e1mbito de la Protecci\u00f3n de los Datos Personales y la Seguridad de la Informaci\u00f3n.<\/li><li>Env\u00edo de informaci\u00f3n relativas a los bienes o servicios que conforman nuestra actividad.<\/li><\/ul><p align=\"justify\"><u>Inter\u00e9s leg\u00edtimo de FORLOPD para:<\/u><\/p><ul><li>Cumplir con las obligaciones legales que nos resulten directamente aplicables y regulen nuestra actividad.<\/li><li>Entender el comportamiento del navegante dentro de la web con el fin de detectar posibles ataques inform\u00e1ticos.<\/li><li>Para proteger y ejercer nuestros derechos o responder ante reclamaciones de cualquier \u00edndole.<\/li><\/ul><p align=\"justify\"><span style=\"color: #d3a50e;\"><b><strong>CANDIDATOS A EMPLEO.<\/strong><\/b><\/span><\/p><p align=\"justify\"><u>El consentimiento del interesado para:<\/u><\/p><ul><li>Tratar los datos personales proporcionados con la finalidad de participar en los procesos de selecci\u00f3n de personal abiertos.<\/li><\/ul><p align=\"justify\"><u>Inter\u00e9s leg\u00edtimo de FORLOPD para:<\/u><\/p><ul><li>Entender el comportamiento del navegante (candidato) dentro de la web con el fin de detectar posibles ataques inform\u00e1ticos.<\/li><li>Para proteger y ejercer nuestros derechos o responder ante reclamaciones de cualquier \u00edndole.<\/li><\/ul><p><span style=\"color: #d3a50e;\"><b><strong>PLAZOS O CRITERIOS DE CONSERVACI\u00d3N DE LOS DATOS.<\/strong><\/b><\/span><\/p><p align=\"justify\">Los datos personales proporcionados se conservar\u00e1n de conformidad con los plazos establecidos en la normativa siguiente:<\/p><p align=\"justify\"><span style=\"color: #d3a50e;\"><b><strong>EL C\u00d3DIGO CIVIL.<\/strong><\/b><\/span>\u00a0\u00a0Entre 5 o 15 a\u00f1os seg\u00fan el caso, atendiendo a lo dispuesto en el art\u00edculo 1964.2 del cuerpo legal mencionado.<\/p><p align=\"justify\"><span style=\"color: #d3a50e;\"><b><strong>EL C\u00d3DIGO DEL COMERCIO<\/strong><\/b><\/span>. Durante 6 a\u00f1os, atendiendo a dispuesto en el art\u00edculo 30 del cuerpo legal mencionado.<\/p><p align=\"justify\"><span style=\"color: #d3a50e;\"><b><strong>LA LEY GENERAL TRIBUTARIA.<\/strong><\/b><\/span>\u00a0Durante 4 a\u00f1os \u00a0atendiendo a dispuesto en\u00a0 los art\u00edculos 66 a 70 del cuerpo legal mencionado.<\/p><hr \/><ol start=\"5\"><li><span style=\"color: #d3a50e;\"><b><strong>DECISIONES AUTOMATIZADAS Y ELABORACI\u00d3N DE PERFILES.<\/strong><\/b><\/span><\/li><\/ol><p align=\"justify\">La p\u00e1gina no toma decisiones automatizadas ni elabora perfiles.<\/p><hr \/><ol start=\"6\"><li><span style=\"color: #d3a50e;\"><b><strong>DESTINATARIOS<\/strong><\/b><\/span><\/li><\/ol><p align=\"justify\">Durante el periodo de duraci\u00f3n del tratamiento de sus datos personales, FORLOPD podr\u00e1 ceder sus datos a terceros a los siguientes destinatarios:<\/p><ul><li>Organismos y Entidades P\u00fablicas con competencia en la materia.<\/li><li>Jueces y Tribunales.<\/li><li>Fuerzas y Cuerpos de Seguridad del Estado.<\/li><\/ul><p align=\"justify\">En general, a las distintas autoridades competentes, cuando FORLOPD tenga la obligaci\u00f3n legal de facilitar los datos personales.<\/p><hr \/><ol start=\"7\"><li><span style=\"color: #d3a50e;\"><b><strong>TRANSFERENCIAS INTERNACIONALES DE DATOS.<\/strong><\/b><\/span><\/li><\/ol><p align=\"justify\">FORLOPD no realiza Transferencia Internacional de Datos alguna.<\/p><hr \/><ol start=\"8\"><li><span style=\"color: #d3a50e;\"><b><strong>REDES SOCIALES.<\/strong><\/b><\/span><\/li><\/ol><p align=\"justify\">Las Redes Sociales forman parte del d\u00eda a d\u00eda de muchos usuarios de Internet, y para ellos la Entidad ha creado distintos perfiles en algunas de ellas.<br \/>Todos los usuarios que visitan nuestra p\u00e1gina web tienen la oportunidad de unirse a nuestras redes sociales o grupos.<br \/>Sin embargo, debes tener en cuenta que, salvo que le solicitemos sus datos directamente (por ejemplo, mediante acciones de marketing, concursos, promociones, o cualquier otra forma v\u00e1lida), sus datos pertenecer\u00e1n a la Red Social correspondiente, por lo que le recomendamos que lea detenidamente sus condiciones de uso y pol\u00edticas de privacidad, as\u00ed como, se asegure de configurar sus preferencias en cuanto al tratamiento de los datos.<\/p><hr \/><ol start=\"9\"><li><span style=\"color: #d3a50e;\"><b><strong>DERECHOS<\/strong><\/b><\/span><\/li><\/ol><p align=\"justify\">Los interesados, podr\u00e1n ejercer en cualquier momento y de forma totalmente gratuita los derechos de\u00a0<span style=\"color: #d3a50e;\"><b><strong>acceso, rectificaci\u00f3n y supresi\u00f3n, as\u00ed como solicitar que se limite el tratamiento de sus datos personales, oponerse al mismo, solicitar la portabilidad de estos (siempre que sea t\u00e9cnicamente posible) o retirar el consentimiento prestado<\/strong><\/b><\/span>, y cuando proceda<b><strong>, <span style=\"color: #d3a50e;\">a no ser objeto de una decisi\u00f3n basada \u00fanicamente en un tratamiento automatizado, incluido la elaboraci\u00f3n de perfiles<\/span>\u00a0<\/strong><\/b>(aunque nuestra p\u00e1gina web no toma decisiones automatizadas ni elabora perfiles).<\/p><p align=\"justify\">Para ello podr\u00e1 emplear los formularios habilitados por la empresa, o bien dirigir un escrito a la direcci\u00f3n postal o correo electr\u00f3nico de FORLOPD. En cualquier caso, su solicitud deber\u00e1 acompa\u00f1arse de una fotocopia de su D.N.I. o documento equivalente, con la finalidad de acreditar su identidad.<\/p><p align=\"justify\">En caso de que sienta vulnerados sus derechos en lo concerniente a la protecci\u00f3n de sus datos personales, especialmente cuando no haya obtenido satisfacci\u00f3n en el ejercicio de sus derechos, puede presentar una reclamaci\u00f3n ante la Autoridad de Control en materia de Protecci\u00f3n de Datos competente\u00a0<b><strong>(Agencia Espa\u00f1ola de Protecci\u00f3n de Datos),<\/strong><\/b>\u00a0a trav\u00e9s de su sitio web:\u00a0<a href=\"https:\/\/www.aepd.es\/\">https:\/\/www.aepd.es\/<\/a>\u00a0.<\/p><p align=\"justify\">En cumplimiento de lo dispuesto en el art\u00edculo 21 de la Ley 34\/2002 de servicios de la sociedad de la informaci\u00f3n y comercio electr\u00f3nico, si usted no desea recibir m\u00e1s\u00a0<span style=\"color: #d3a50e;\"><b><strong>NEWSLETTER<\/strong><\/b><\/span>, puede darse de baja enviando un correo electr\u00f3nico a la direcci\u00f3n:\u00a0<a href=\"mailto:bajas@forlopd.es\">bajas@forlopd.es<\/a>, con asunto\u00a0\u00a0<span style=\"color: #d3a50e;\"><em>\u201c<\/em><i><b><em>BAJAS\u201d.<\/em><\/b><\/i><\/span><\/p><hr \/><ol start=\"10\"><li><span style=\"color: #d3a50e;\"><b><strong>VERACIDAD DE LOS DATOS.<\/strong><\/b><\/span><\/li><\/ol><p align=\"justify\">El interesado garantiza que los datos aportados son verdaderos, exactos, completos y se encuentran actualizados; comprometi\u00e9ndose a informar de cualquier cambio respecto de los datos que aportara, por los canales habilitados al efecto e indicados en el punto uno de la presente pol\u00edtica. Ser\u00e1 responsable de cualquier da\u00f1o o perjuicio, tanto directo como indirecto, que pudiera ocasionar como consecuencia del incumplimiento de la presente obligaci\u00f3n.<\/p><p align=\"justify\">En el supuesto de que el usuario facilite datos de terceros, declara que cuenta con el consentimiento de los interesados y se compromete a trasladarle la informaci\u00f3n contenida en esta cl\u00e1usula, eximiendo a la organizaci\u00f3n de cualquier responsabilidad derivada por la falta de cumplimiento de la presente obligaci\u00f3n.<\/p><hr \/><ol start=\"11\"><li><span style=\"color: #d3a50e;\"><b><strong>MODIFICACIONES\/ACTUALIZACI\u00d3N<\/strong><\/b><\/span><\/li><\/ol><p align=\"justify\">La presente pol\u00edtica de privacidad puede verse modificada\/actualizada en funci\u00f3n de las exigencias legales establecidas o con la finalidad de adaptar dicha pol\u00edtica a las instrucciones dictadas por la Agencia Espa\u00f1ola de Protecci\u00f3n de Datos o cambios en nuestro sitio web.<br \/>Por esta raz\u00f3n, aconsejamos a los usuarios que visiten peri\u00f3dicamente nuestra pol\u00edtica de privacidad.<br \/>Si tiene dudas acerca de esta pol\u00edtica, puede contactar con SEGURIDAD Y PRIVACIDAD DE DATOS S.L. a trav\u00e9s del siguiente correo electr\u00f3nico: infodpo@forlopd.es<\/p><hr \/><hr \/><h2 class=\"western\"><span style=\"color: #d3a50e;\"><b><strong>POL\u00cdTICA DE PRIVACIDAD DE NUESTRO CANAL DE YOUTUBE<\/strong><\/b><\/span><\/h2><p align=\"justify\">(<a href=\"https:\/\/www.youtube.com\/channel\/UCS77AyKf6CnYY5GeIdcFXHQ\">enlace a canal Youtube de Forlopd<\/a>)<\/p><p align=\"justify\">En nuestro canal vas a poder opinar, compartir experiencias, hacer sugerencias o comentarios, con el \u00fanico l\u00edmite de respetar los derechos del resto de subscriptores que quieran participar. FORLOPD no asume la responsabilidad de las consecuencias que la exhibici\u00f3n voluntaria, consentida y deliberada por parte del usuario de informaci\u00f3n personal suya o de su entorno familiar, siendo la persona que publica la informaci\u00f3n la \u00fanica responsable de las consecuencias de sus propios actos. FORLOPD no asumir\u00e1 ning\u00fan tipo de reclamaci\u00f3n derivada de la vulneraci\u00f3n o infracci\u00f3n de los posibles derechos como consecuencia de las publicaciones de los textos o materiales que un usuario haya incorporado en nuestro muro voluntariamente. FORLOPD s\u00f3lo utilizar\u00e1 la informaci\u00f3n obtenida para responder a vuestros comentarios. No se utilizar\u00e1n los datos para otras finalidades, no se comunicar\u00e1n a terceros. Si quieres darte de baja s\u00f3lo tienes que anular tu suscripci\u00f3n en el bot\u00f3n situado en la parte derecha del canal. El ejercicio de tus derechos viene definido por Youtube, pudiendo ejercitarse en relaci\u00f3n a aquella informaci\u00f3n que se encuentre bajo el control de la empresa, enviando un escrito dirigido a FORLOPD \u2013 Calle Menorca 19, Edificio Aqua Multiespacio, planta 17, 46023 Valencia, acompa\u00f1ado de fotocopia del documento oficial que te identifique. En caso de ejercerse por correo electr\u00f3nico deber\u00e1 firmarse digitalmente o adjuntar una copia de un documento identificativo. La rectificaci\u00f3n de tus datos s\u00f3lo puedes hacerla t\u00fa a trav\u00e9s de la configuraci\u00f3n de tu usuario. Si deseas recibir m\u00e1s informaci\u00f3n sobre el tratamiento efectuado por FORLOPD de tus datos personales, puedes solicitarlo en la direcci\u00f3n indicada o escribiendo un email a infodpo@forlopd.es.<\/p><h2 class=\"western\"><span style=\"color: #d3a50e;\"><a style=\"color: #d3a50e;\" name=\"tycwhatsapp\"><\/a><b><strong>POL\u00cdTICA DE PRIVACIDAD CANAL DE WHATSAPP<\/strong><\/b><\/span><\/h2><p align=\"justify\">FORLOPD | Seguridad y Privacidad de Datos, SL cuenta con un canal de Whatsapp con la finalidad de atender a las solicitudes, quejas e incidencias y, en su caso, env\u00edo de comunicaciones comerciales relativas a los bienes o servicios que conforman nuestra actividad y\/o noticias o boletines relacionados con nuestro sector. No obstante, debe tener en cuenta que nuestro proveedor aplica su propia pol\u00edtica de privacidad, por lo que recomendamos que revise su configuraci\u00f3n en el servicio y que lea detenidamente la pol\u00edtica de privacidad de nuestro proveedor. Puede acceder a la misma haciendo clic\u00a0<a href=\"https:\/\/www.whatsapp.com\/legal\/privacy-policy-eea\/?locale=es_LA#privacy-policyour-global-operationsnm\" target=\"_blank\" rel=\"noopener\">aqu\u00ed<\/a>.<\/p><p align=\"justify\">Puede solicitar m\u00e1s informaci\u00f3n acerca de c\u00f3mo tratamos sus datos y ejercer de forma gratuita los derechos de acceso, rectificaci\u00f3n, supresi\u00f3n, limitaci\u00f3n, oposici\u00f3n, portabilidad y de no ser objeto de decisiones individualizadas enviando su solicitud a\u00a0<a href=\"mailto:infodpo@forlopd.es\" target=\"_blank\" rel=\"noopener\">infodpo@forlopd.es<\/a><\/p><p align=\"justify\">En el caso de que considere que su petici\u00f3n no ha sido atendida correctamente, puede formular reclamaciones ante la Autoridad de Control (Agencia Espa\u00f1ola en Protecci\u00f3n de Datos).<\/p>\t\t\t\t\t\t<\/div>\n\t\t\t\t<\/div>\n\t\t\t\t\t<\/div>\n\t\t\t\t<\/div>\n\t\t\t\t\t\t\t<\/div>\n\t\t","protected":false},"excerpt":{"rendered":"<p>DECLARACI\u00d3N DE PRIVACIDAD: POL\u00cdTICA DE PRIVACIDAD Y PROTECCI\u00d3N DE DATOS: FORLOPD est\u00e1 comprometida con la protecci\u00f3n y seguridad de los datos de car\u00e1cter personal. En nuestro d\u00eda a d\u00eda nos esforzamos para proteger la privacidad y seguridad de los datos que los interesados nos facilitan y cumplir con la normativa vigente en \u00a0\u00e1mbito de la&hellip;<\/p>\n","protected":false},"author":1,"featured_media":0,"parent":0,"menu_order":0,"comment_status":"closed","ping_status":"closed","template":"","meta":{"footnotes":""},"class_list":["post-345","page","type-page","status-publish","hentry"],"_links":{"self":[{"href":"https:\/\/presencial3.forlopd.es\/index.php\/wp-json\/wp\/v2\/pages\/345","targetHints":{"allow":["GET"]}}],"collection":[{"href":"https:\/\/presencial3.forlopd.es\/index.php\/wp-json\/wp\/v2\/pages"}],"about":[{"href":"https:\/\/presencial3.forlopd.es\/index.php\/wp-json\/wp\/v2\/types\/page"}],"author":[{"embeddable":true,"href":"https:\/\/presencial3.forlopd.es\/index.php\/wp-json\/wp\/v2\/users\/1"}],"replies":[{"embeddable":true,"href":"https:\/\/presencial3.forlopd.es\/index.php\/wp-json\/wp\/v2\/comments?post=345"}],"version-history":[{"count":5,"href":"https:\/\/presencial3.forlopd.es\/index.php\/wp-json\/wp\/v2\/pages\/345\/revisions"}],"predecessor-version":[{"id":381,"href":"https:\/\/presencial3.forlopd.es\/index.php\/wp-json\/wp\/v2\/pages\/345\/revisions\/381"}],"wp:attachment":[{"href":"https:\/\/presencial3.forlopd.es\/index.php\/wp-json\/wp\/v2\/media?parent=345"}],"curies":[{"name":"wp","href":"https:\/\/api.w.org\/{rel}","templated":true}]}}